 Let g(c) = c**3 - 4*c**2 + 2*c + 3. Is g(b) a prime number?
False
Let o = 18 + -36. Let x = 13 - o. Is x a composite number?
False
Suppose -2*h - 815 = -k, -3*h = 2*k + 2*h - 1630. Suppose -7*j = -2*j - k. Is j a prime number?
True
Suppose -4*j - 380 = j + p, 3*p = 15. Is 2 + -2 - -2 - j prime?
True
Let s = -1271 + 846. Let c = 744 + s. Is c composite?
True
Let f(a) = 1685*a - 1. Let i be f(2). Suppose 2*w - 4*m - i = -3*w, -m = w - 672. Is w composite?
False
Let q(t) = -2*t - 10. Let u(w) = -4*w - 20. Let v(p) = -11*q(p) + 6*u(p). Let n be v(-8). Let g = n + 5. Is g a prime number?
True
Let a = -6 + 7. Suppose -q - 3 = a. Is 30/q*-10 - -2 prime?
False
Let d = 190 - 133. Let s = 95 - d. Is s a prime number?
False
Let r = 8 - 3. Suppose 3*m - 5*b = 418, 0*m - 4*b = r*m - 635. Is m prime?
True
Let y = 108 - 63. Let v be (-84)/5*y/(-6). Suppose 0 = 4*a + i - 12 - 204, -4*i = -2*a + v. Is a a composite number?
True
Suppose -3*r - 4*o - 4 = 2, 0 = -r - o - 1. Suppose -r*q - 3*q = 0. Suppose -4*z + 29 + 11 = 4*l, q = -2*l + 5*z - 1. Is l a prime number?
True
Let c = 35 - 31. Suppose 1 + 3 = 4*n. Suppose c*p - n - 339 = 0. Is p a prime number?
False
Let n(y) = 255*y**2 + 11*y - 3. Is n(4) prime?
False
Let f = -590 - -877. Is f a prime number?
False
Let d(b) = b - 10. Let m be d(8). Is 4179/35 + m/5 composite?
True
Suppose 0 = 2*b + z - 11, -3*b - 5 = 2*z - 22. Let w(j) = 14*j - 5. Is w(b) a composite number?
True
Suppose 0 = -q - 4*a + 16, 4*a = -0*q - 3*q + 24. Suppose -q*r + 0*r = -132. Is r prime?
False
Let g = -602 + 118. Let a = g + 987. Is a a composite number?
False
Suppose 18 = -4*p + 30. Suppose -3*h - 2*h = 2*u - 16, 0 = -h + 2. Suppose -62 = -u*q - m, 4*m + 26 = q + p*m. Is q prime?
False
Let g(j) = 46*j**2 - 2*j - 6. Let x be g(-4). Suppose x = t + t. Let s = 554 - t. Is s a composite number?
True
Is (0 + 198 - -1) + 0 a composite number?
False
Let f(b) = 5*b - 19. Suppose 0 = -3*k - 5*z + 10, -3*k + 0*k = 2*z - 13. Let d(l) = -4*l + 18. Let r(a) = k*f(a) + 6*d(a). Is r(10) a composite number?
False
Let v = 2 - 11. Let u = -7 - v. Is u composite?
False
Suppose 1502 = 5*w - 3*w. Is w a prime number?
True
Let s = 0 - -4. Is (35/2)/(2/s) a composite number?
True
Let k = 638 + -141. Is k a composite number?
True
Is 37/(2/10*1) prime?
False
Let i(p) = 5*p**3 - 2 + 9*p**2 - 3*p - 5 - 1 - 4*p**3. Let g be i(-9). Let t = 64 + g. Is t a prime number?
True
Let x = -14 - 29. Let d = x + 110. Is d prime?
True
Is (-8)/(-16) + 1093/2 a prime number?
True
Let v(p) = 132*p - 53. Let x(o) = 88*o - 35. Let l(s) = -5*v(s) + 8*x(s). Is l(7) a prime number?
True
Let m be 1 + (2 + -2 - -2). Is 9/6*38/m a prime number?
True
Let s(j) = -j**3 + 9*j**2 - 7*j - 3. Let p be s(8). Suppose 0 = 4*z + 2*i - 160, 4*z = -p*i + 101 + 65. Is z a prime number?
False
Is (11/(-44))/(-1 + 12774/12776) a composite number?
False
Let b(u) = -u**3 - 4*u**2 - 2. Is b(-8) prime?
False
Let g(h) = -8*h**3 - h**2 + 4*h + 4. Is g(-3) a prime number?
True
Let x = 17 + -16. Is x/(-2 + 29/14) composite?
True
Suppose 2*z + 3*q - 17 = 3, 4*q - 36 = -5*z. Is (212 - z) + -1 - -4 a prime number?
True
Suppose -b - 2 = -3. Let x(j) = -2*j**2 - 1. Let h be x(b). Let o(i) = 8*i**2 - i + 2. Is o(h) a prime number?
False
Suppose 6*l - 7990 = -4*l. Is l prime?
False
Let d(r) = 0*r**2 + 5 - r - 9*r**3 + 0*r + 7*r**3 - 9*r**2. Is d(-6) a composite number?
True
Let v = -1409 - -2394. Is v prime?
False
Let j(x) = -153*x + 3. Let u be j(3). Let m = 709 + u. Is m a composite number?
True
Let p be 3/(121/59 - 2). Let n = p - -18. Is n prime?
False
Suppose -4*f - 11 = -7. Is f*1042*3/(-6) a prime number?
True
Let w = -8 - -2. Is 933*(-4 + (-26)/w) composite?
False
Let w(l) = 2*l**2 + l - 6. Let u(t) = 2*t**2 + t - 7. Let x(q) = -2*u(q) + 3*w(q). Is x(-3) prime?
True
Suppose -3*i = 3*c - 0*i + 237, -c - 77 = 2*i. Let w = 159 + c. Let q = -25 + w. Is q prime?
True
Let u = 222 + -133. Is u prime?
True
Let j(k) = 14*k**2 - 6*k + 15. Is j(4) composite?
True
Let j = -68 + 105. Is j prime?
True
Suppose -6*d + 2725 = -d. Is d prime?
False
Suppose 5*a = -4*o - 0*a + 1, 4*a - 4 = 0. Is 56 + (-4)/2 - o a prime number?
False
Suppose -4*i = -5*g - 23, 3*i + 2*g + 0*g - 23 = 0. Suppose -i*x + 265 = -2*x. Is x a composite number?
False
Let a(o) = -3*o - o**2 - 5*o + 6*o + 11*o**2 - 2. Is a(-1) a prime number?
False
Let j(c) = c**3 + c**2 - 2. Let h be j(2). Suppose 0 = -5*p + h + 10. Suppose o + 201 = p*o. Is o a prime number?
True
Suppose -2*y + 9 = 4*i - 3*y, i = -y + 6. Suppose -4*v + z = 6*z - 178, -i*v - 2*z = -137. Is (-3)/6*-2*v composite?
False
Let m = -12 - -43. Is m prime?
True
Let a(z) = -z**2 - 8*z. Let r be a(-8). Suppose r = j + 2*j - 699. Is j prime?
True
Let o(w) = 7*w**3 + 6*w**2 + 6*w - 6. Is o(5) a prime number?
True
Let v(q) = -13*q**3 - 11*q**2 + 24*q + 5. Let g(r) = 3*r**3 + 3*r**2 - 6*r - 1. Let h(f) = 9*g(f) + 2*v(f). Let d = 7 + -12. Is h(d) prime?
True
Is 4468/10 + (-3)/(-15) a prime number?
False
Suppose 141 = -u + 4*u. Is u a composite number?
False
Let u = 49 - 29. Suppose 4*p = -3*y + 31, -2*y + 45 = 5*p + 3*y. Suppose d - 2*v = -v + u, -p*d - 4*v = -104. Is d a prime number?
True
Let g(r) = r**2 + 3*r - 6. Let x be g(-7). Let p = 13 - x. Is (-2)/6 - 354/p a composite number?
True
Is (-524)/(-8) + 3/2 a composite number?
False
Let g(p) = p. Let o be g(5). Suppose y + 5*a = 28, -2*y - y + 144 = -o*a. Is y a prime number?
True
Let x(z) be the third derivative of z**5/30 - 5*z**3/6 - 2*z**2. Is x(-6) prime?
True
Let d(x) = -326*x**2 + x. Let p be d(1). Let o = -102 - p. Is o a prime number?
True
Let o = 136 + -80. Is (-1140)/(-7) - (-8)/o a composite number?
False
Let y(l) = 1 + 0 - l + l + 4*l. Let r be y(1). Suppose -s - 3*n = -117, 2*n - 557 = -r*s + n. Is s a composite number?
True
Let d(z) = 20*z**2 - 1. Is d(2) composite?
False
Let x = -307 + 512. Is x a prime number?
False
Let g(w) = 20*w**2 - 8*w + 19. Is g(7) a composite number?
True
Suppose 0 = 6*i - 8*i + 518. Is i composite?
True
Let h be (-3)/9 + (-4)/6. Let u be h - (3/(-1) + 0). Suppose -j - j = 4, 5*d = -u*j + 1011. Is d prime?
False
Suppose 13*o - 3899 - 7632 = 0. Is o composite?
False
Let u = -2967 - -1854. Is (-2)/(0 - (-6)/u) composite?
True
Let h(s) = -6*s**2 + 1 + 0 - 2*s**3 + 4*s**2. Let w be h(2). Let d = 144 + w. Is d prime?
False
Let o = 95 - 21. Let p = o - -313. Suppose -r - 75 = v - 2*v, 5*v - p = -r. Is v a prime number?
False
Suppose 576 = 2*r - 466. Is r composite?
False
Let k(g) = 63*g**2 - 3*g - 3. Let d be k(-3). Suppose -d + 2248 = 5*v. Is v a composite number?
True
Suppose 0 = -10*g + 2*g + 2416. Is g prime?
False
Suppose 4*a = -0*a - 8. Let b be (4/6)/(a/(-21)). Suppose 2*z = b*z - h - 34, 2*h = z - 14. Is z composite?
True
Let i be -2 - 1 - (-2 - 0). Is (-1 - -52) + -1 + i composite?
True
Let t(x) = x**3 - 8*x**2 + 6*x + 9. Let p be t(7). Suppose 0 = -p*q + 219 + 307. Is q composite?
False
Is ((-3086)/1)/(-1 + -1) prime?
True
Suppose -3*k - 2*a + 99 = 0, 0 = -2*k + k + a + 28. Is k composite?
False
Suppose -2*r + 5*x = 18, 3*x - x - 4 = 0. Let p(b) = -2*b**2 - 5*b + 3. Let i be p(r). Is ((-12)/i)/((-2)/(-6)) prime?
False
Suppose 7*v = 8*v + 12. Is (33/v)/((-2)/56) a prime number?
False
Suppose 0 = j + 3*j + 2*v - 22, 2*j = -2*v + 16. Suppose j*m - 93 = -0*m. Is m composite?
False
Let u(t) = 37*t**3 + t**2 - 3*t + 2. Let r be u(2). Let p = -211 + r. Is p prime?
False
Let c = 7 + -3. Let g(f) = -c*f - 2*f + 2*f**2 + 2*f + 6*f**2 - f**3. Is g(5) composite?
True
Let y be ((-66)/15)/((-2)/10). Suppose 0 = -h + y + 121. Is h a prime number?
False
Suppose 4*j - 2*d - 10570 = 0, 0 = 5*j + 5*d - 10*d - 13210. Is j a composite number?
True
Let y(d) be the third derivative of d**7/2520 - d**6/360 + d**5/40 - d**4/24 - 2*d**2. Let r(o) be the second derivative of y(o). Is r(4) prime?
True
Let d be (15/20)/(6/16). Suppose 2*x + d*x = -1180. Is 1 - x - (2 - -1) a prime number?
True
Let b = -29 - -72. Is b a composite number?
False
Suppose 0 = -4*q - 3*c + 430, -5*c = 4*q + q - 535. Suppose 3*l - u + 253 = 7*l, 3*u + q = 2*l. Suppose 8 + 3 = b + f, l = 4*b - 5*f. Is b composite?
False
Let g(h) = -h**3 - 6*h**2 - 1. Is g(-8) a composite number?
False
Let f(n) = -635*n**3 + 2*n + 1. Let s be f(-1). Suppose -s - 26 = 5*l.